{"id":27988,"date":"2026-04-22T11:13:54","date_gmt":"2026-04-22T09:13:54","guid":{"rendered":"https:\/\/expressionumea.se\/?post_type=event&#038;p=27988"},"modified":"2026-04-22T11:13:57","modified_gmt":"2026-04-22T09:13:57","slug":"workshop-ai-for-cultural-and-creative-industries","status":"publish","type":"event","link":"https:\/\/expressionumea.se\/en\/event\/workshop-ai-for-kulturella-och-kreativa-branscher\/","title":{"rendered":"Workshop: AI for cultural and creative industries"},"content":{"rendered":"<p><strong>We meet Oskar Riby and Christoffer Juhlin from Rise, they will guide you in how you as a creator can use AI in the best way. In this workshop, you will get the basics of the technology and get the chance to ask all your questions to two people who know their stuff.<\/strong><\/p>\n\n\n\n<h2 class=\"wp-block-heading\">We will work with.<\/h2>\n\n\n\n<ul class=\"wp-block-list\">\n<li>Intro to AI and generative AI<\/li>\n\n\n\n<li>Opportunities, risks and threats of technology<\/li>\n\n\n\n<li>Prompt engineering, how to write for best effect<\/li>\n\n\n\n<li>Digital Lifelong\/Ai Learning<\/li>\n<\/ul>\n\n\n\n<h2 class=\"wp-block-heading\"><br>Why should you participate?<\/h2>\n\n\n\n<ul class=\"wp-block-list\">\n<li>Learn the history and explanation of AI<\/li>\n\n\n\n<li>Get a range of tips and ideas on how you can work with AI as a creative<\/li>\n\n\n\n<li>Learn to identify risks with the technology<\/li>\n\n\n\n<li>You will sharpen your skills in prompt engineering in generative AI services<\/li>\n\n\n\n<li>You will map your operations and then find ways to streamline them with existing technologies<\/li>\n<\/ul>\n\n\n\n<h2 class=\"wp-block-heading\"><br>Info about the workshop<\/h2>\n\n\n\n<p><strong>When: <\/strong>6 May, 09.00-12.00<br><strong>Var:<\/strong> Workshop room, eXpression Ume\u00e5<br><strong>Requirements:<\/strong> Membership of the incubator<br><strong>For whom<\/strong>: For all participants in the incubator<br><br><strong>Not a member?<\/strong> <a href=\"https:\/\/expressionumea.se\/en\/program-2\/\">Apply here!<\/a><br><br><strong>Registration:<\/strong> Contact your business coach<\/p>\n\n\n\n<p><\/p>","protected":false},"featured_media":27938,"template":"","meta":{"footnotes":""},"eventkategorier":[],"class_list":["post-27988","event","type-event","status-publish","has-post-thumbnail","hentry","search-category-event"],"yoast_head":"<!-- This site is optimized with the Yoast SEO plugin v27.2 - https:\/\/yoast.com\/product\/yoast-seo-wordpress\/ -->\n<title>Workshop: AI f\u00f6r kulturella och kreativa branscher\u200b - eXpression Ume\u00e5<\/title>\n<meta name=\"robots\" content=\"index, follow, max-snippet:-1, max-image-preview:large, max-video-preview:-1\" \/>\n<link rel=\"canonical\" href=\"https:\/\/expressionumea.se\/en\/event\/workshop-ai-for-cultural-and-creative-industries\/\" \/>\n<meta property=\"og:locale\" content=\"en_GB\" \/>\n<meta property=\"og:type\" content=\"article\" \/>\n<meta property=\"og:title\" content=\"Workshop: AI f\u00f6r kulturella och kreativa branscher\u200b - eXpression Ume\u00e5\" \/>\n<meta property=\"og:description\" content=\"Vi tr\u00e4ffar Oskar Riby och Christoffer Juhlin fr\u00e5n Rise, de kommer guida dig i hur du som kreat\u00f6r kan nyttja AI p\u00e5 b\u00e4sta s\u00e4tt. I denna workshop kommer du f\u00e5 grunderna i tekniken och f\u00e5 chansen att st\u00e4lla alla dina fr\u00e5gor till tv\u00e5 personer som har r\u00e5koll. Vi kommer jobba med:\u200b Varf\u00f6r ska du delta?\u200b [&hellip;]\" \/>\n<meta property=\"og:url\" content=\"https:\/\/expressionumea.se\/en\/event\/workshop-ai-for-cultural-and-creative-industries\/\" \/>\n<meta property=\"og:site_name\" content=\"eXpression Ume\u00e5\" \/>\n<meta property=\"article:modified_time\" content=\"2026-04-22T09:13:57+00:00\" \/>\n<meta property=\"og:image\" content=\"https:\/\/expressionumea.se\/wp-content\/uploads\/2026\/03\/Din-stycketext-7.jpg\" \/>\n\t<meta property=\"og:image:width\" content=\"1920\" \/>\n\t<meta property=\"og:image:height\" content=\"1080\" \/>\n\t<meta property=\"og:image:type\" content=\"image\/jpeg\" \/>\n<meta name=\"twitter:card\" content=\"summary_large_image\" \/>\n<meta name=\"twitter:label1\" content=\"Estimated reading time\" \/>\n\t<meta name=\"twitter:data1\" content=\"2 minutes\" \/>\n<script type=\"application\/ld+json\" class=\"yoast-schema-graph\">{\"@context\":\"https:\/\/schema.org\",\"@graph\":[{\"@type\":\"WebPage\",\"@id\":\"https:\/\/expressionumea.se\/event\/workshop-ai-for-kulturella-och-kreativa-branscher\/\",\"url\":\"https:\/\/expressionumea.se\/event\/workshop-ai-for-kulturella-och-kreativa-branscher\/\",\"name\":\"Workshop: AI f\u00f6r kulturella och kreativa branscher\u200b - eXpression Ume\u00e5\",\"isPartOf\":{\"@id\":\"https:\/\/expressionumea.se\/#website\"},\"primaryImageOfPage\":{\"@id\":\"https:\/\/expressionumea.se\/event\/workshop-ai-for-kulturella-och-kreativa-branscher\/#primaryimage\"},\"image\":{\"@id\":\"https:\/\/expressionumea.se\/event\/workshop-ai-for-kulturella-och-kreativa-branscher\/#primaryimage\"},\"thumbnailUrl\":\"https:\/\/expressionumea.se\/wp-content\/uploads\/2026\/03\/Din-stycketext-7.jpg\",\"datePublished\":\"2026-04-22T09:13:54+00:00\",\"dateModified\":\"2026-04-22T09:13:57+00:00\",\"breadcrumb\":{\"@id\":\"https:\/\/expressionumea.se\/event\/workshop-ai-for-kulturella-och-kreativa-branscher\/#breadcrumb\"},\"inLanguage\":\"en-GB\",\"potentialAction\":[{\"@type\":\"ReadAction\",\"target\":[\"https:\/\/expressionumea.se\/event\/workshop-ai-for-kulturella-och-kreativa-branscher\/\"]}]},{\"@type\":\"ImageObject\",\"inLanguage\":\"en-GB\",\"@id\":\"https:\/\/expressionumea.se\/event\/workshop-ai-for-kulturella-och-kreativa-branscher\/#primaryimage\",\"url\":\"https:\/\/expressionumea.se\/wp-content\/uploads\/2026\/03\/Din-stycketext-7.jpg\",\"contentUrl\":\"https:\/\/expressionumea.se\/wp-content\/uploads\/2026\/03\/Din-stycketext-7.jpg\",\"width\":1920,\"height\":1080},{\"@type\":\"BreadcrumbList\",\"@id\":\"https:\/\/expressionumea.se\/event\/workshop-ai-for-kulturella-och-kreativa-branscher\/#breadcrumb\",\"itemListElement\":[{\"@type\":\"ListItem\",\"position\":1,\"name\":\"Hem\",\"item\":\"https:\/\/expressionumea.se\/\"},{\"@type\":\"ListItem\",\"position\":2,\"name\":\"Event\",\"item\":\"https:\/\/expressionumea.se\/en\/event\/\"},{\"@type\":\"ListItem\",\"position\":3,\"name\":\"Workshop: AI f\u00f6r kulturella och kreativa branscher\u200b\"}]},{\"@type\":\"WebSite\",\"@id\":\"https:\/\/expressionumea.se\/#website\",\"url\":\"https:\/\/expressionumea.se\/\",\"name\":\"eXpression Ume\u00e5\",\"description\":\"Creative minds unite\",\"publisher\":{\"@id\":\"https:\/\/expressionumea.se\/#organization\"},\"potentialAction\":[{\"@type\":\"SearchAction\",\"target\":{\"@type\":\"EntryPoint\",\"urlTemplate\":\"https:\/\/expressionumea.se\/?s={search_term_string}\"},\"query-input\":{\"@type\":\"PropertyValueSpecification\",\"valueRequired\":true,\"valueName\":\"search_term_string\"}}],\"inLanguage\":\"en-GB\"},{\"@type\":\"Organization\",\"@id\":\"https:\/\/expressionumea.se\/#organization\",\"name\":\"eXpression Ume\u00e5\",\"url\":\"https:\/\/expressionumea.se\/\",\"logo\":{\"@type\":\"ImageObject\",\"inLanguage\":\"en-GB\",\"@id\":\"https:\/\/expressionumea.se\/#\/schema\/logo\/image\/\",\"url\":\"https:\/\/expressionumea.se\/wp-content\/uploads\/2020\/06\/expression-ume-logotyp.png\",\"contentUrl\":\"https:\/\/expressionumea.se\/wp-content\/uploads\/2020\/06\/expression-ume-logotyp.png\",\"width\":375,\"height\":98,\"caption\":\"eXpression Ume\u00e5\"},\"image\":{\"@id\":\"https:\/\/expressionumea.se\/#\/schema\/logo\/image\/\"}}]}<\/script>\n<!-- \/ Yoast SEO plugin. -->","yoast_head_json":{"title":"Workshop: AI for cultural and creative industries - eXpression Ume\u00e5","robots":{"index":"index","follow":"follow","max-snippet":"max-snippet:-1","max-image-preview":"max-image-preview:large","max-video-preview":"max-video-preview:-1"},"canonical":"https:\/\/expressionumea.se\/en\/event\/workshop-ai-for-cultural-and-creative-industries\/","og_locale":"en_GB","og_type":"article","og_title":"Workshop: AI f\u00f6r kulturella och kreativa branscher\u200b - eXpression Ume\u00e5","og_description":"Vi tr\u00e4ffar Oskar Riby och Christoffer Juhlin fr\u00e5n Rise, de kommer guida dig i hur du som kreat\u00f6r kan nyttja AI p\u00e5 b\u00e4sta s\u00e4tt. I denna workshop kommer du f\u00e5 grunderna i tekniken och f\u00e5 chansen att st\u00e4lla alla dina fr\u00e5gor till tv\u00e5 personer som har r\u00e5koll. Vi kommer jobba med:\u200b Varf\u00f6r ska du delta?\u200b [&hellip;]","og_url":"https:\/\/expressionumea.se\/en\/event\/workshop-ai-for-cultural-and-creative-industries\/","og_site_name":"eXpression Ume\u00e5","article_modified_time":"2026-04-22T09:13:57+00:00","og_image":[{"width":1920,"height":1080,"url":"https:\/\/expressionumea.se\/wp-content\/uploads\/2026\/03\/Din-stycketext-7.jpg","type":"image\/jpeg"}],"twitter_card":"summary_large_image","twitter_misc":{"Estimated reading time":"2 minutes"},"schema":{"@context":"https:\/\/schema.org","@graph":[{"@type":"WebPage","@id":"https:\/\/expressionumea.se\/event\/workshop-ai-for-kulturella-och-kreativa-branscher\/","url":"https:\/\/expressionumea.se\/event\/workshop-ai-for-kulturella-och-kreativa-branscher\/","name":"Workshop: AI for cultural and creative industries - eXpression Ume\u00e5","isPartOf":{"@id":"https:\/\/expressionumea.se\/#website"},"primaryImageOfPage":{"@id":"https:\/\/expressionumea.se\/event\/workshop-ai-for-kulturella-och-kreativa-branscher\/#primaryimage"},"image":{"@id":"https:\/\/expressionumea.se\/event\/workshop-ai-for-kulturella-och-kreativa-branscher\/#primaryimage"},"thumbnailUrl":"https:\/\/expressionumea.se\/wp-content\/uploads\/2026\/03\/Din-stycketext-7.jpg","datePublished":"2026-04-22T09:13:54+00:00","dateModified":"2026-04-22T09:13:57+00:00","breadcrumb":{"@id":"https:\/\/expressionumea.se\/event\/workshop-ai-for-kulturella-och-kreativa-branscher\/#breadcrumb"},"inLanguage":"en-GB","potentialAction":[{"@type":"ReadAction","target":["https:\/\/expressionumea.se\/event\/workshop-ai-for-kulturella-och-kreativa-branscher\/"]}]},{"@type":"ImageObject","inLanguage":"en-GB","@id":"https:\/\/expressionumea.se\/event\/workshop-ai-for-kulturella-och-kreativa-branscher\/#primaryimage","url":"https:\/\/expressionumea.se\/wp-content\/uploads\/2026\/03\/Din-stycketext-7.jpg","contentUrl":"https:\/\/expressionumea.se\/wp-content\/uploads\/2026\/03\/Din-stycketext-7.jpg","width":1920,"height":1080},{"@type":"BreadcrumbList","@id":"https:\/\/expressionumea.se\/event\/workshop-ai-for-kulturella-och-kreativa-branscher\/#breadcrumb","itemListElement":[{"@type":"ListItem","position":1,"name":"Hem","item":"https:\/\/expressionumea.se\/"},{"@type":"ListItem","position":2,"name":"Event","item":"https:\/\/expressionumea.se\/en\/event\/"},{"@type":"ListItem","position":3,"name":"Workshop: AI f\u00f6r kulturella och kreativa branscher\u200b"}]},{"@type":"WebSite","@id":"https:\/\/expressionumea.se\/#website","url":"https:\/\/expressionumea.se\/","name":"eXpression Ume\u00e5","description":"Creative minds unite","publisher":{"@id":"https:\/\/expressionumea.se\/#organization"},"potentialAction":[{"@type":"SearchAction","target":{"@type":"EntryPoint","urlTemplate":"https:\/\/expressionumea.se\/?s={search_term_string}"},"query-input":{"@type":"PropertyValueSpecification","valueRequired":true,"valueName":"search_term_string"}}],"inLanguage":"en-GB"},{"@type":"Organization","@id":"https:\/\/expressionumea.se\/#organization","name":"eXpression Ume\u00e5","url":"https:\/\/expressionumea.se\/","logo":{"@type":"ImageObject","inLanguage":"en-GB","@id":"https:\/\/expressionumea.se\/#\/schema\/logo\/image\/","url":"https:\/\/expressionumea.se\/wp-content\/uploads\/2020\/06\/expression-ume-logotyp.png","contentUrl":"https:\/\/expressionumea.se\/wp-content\/uploads\/2020\/06\/expression-ume-logotyp.png","width":375,"height":98,"caption":"eXpression Ume\u00e5"},"image":{"@id":"https:\/\/expressionumea.se\/#\/schema\/logo\/image\/"}}]}},"_links":{"self":[{"href":"https:\/\/expressionumea.se\/en\/wp-json\/wp\/v2\/event\/27988","targetHints":{"allow":["GET"]}}],"collection":[{"href":"https:\/\/expressionumea.se\/en\/wp-json\/wp\/v2\/event"}],"about":[{"href":"https:\/\/expressionumea.se\/en\/wp-json\/wp\/v2\/types\/event"}],"version-history":[{"count":1,"href":"https:\/\/expressionumea.se\/en\/wp-json\/wp\/v2\/event\/27988\/revisions"}],"predecessor-version":[{"id":27990,"href":"https:\/\/expressionumea.se\/en\/wp-json\/wp\/v2\/event\/27988\/revisions\/27990"}],"wp:featuredmedia":[{"embeddable":true,"href":"https:\/\/expressionumea.se\/en\/wp-json\/wp\/v2\/media\/27938"}],"wp:attachment":[{"href":"https:\/\/expressionumea.se\/en\/wp-json\/wp\/v2\/media?parent=27988"}],"wp:term":[{"taxonomy":"eventkategorier","embeddable":true,"href":"https:\/\/expressionumea.se\/en\/wp-json\/wp\/v2\/eventkategorier?post=27988"}],"curies":[{"name":"wp","href":"https:\/\/api.w.org\/{rel}","templated":true}]}}

<p><strong>We meet Oskar Riby and Christoffer Juhlin from Rise, they will guide you in how you as a creator can use AI in the best way. In this workshop, you will get the basics of the technology and get the chance to ask all your questions to two people who know their stuff.</strong></p>



<h2 class="wp-block-heading">We will work with.</h2>



<ul class="wp-block-list">
<li>Intro to AI and generative AI</li>



<li>Opportunities, risks and threats of technology</li>



<li>Prompt engineering, how to write for best effect</li>



<li>Digital Lifelong/Ai Learning</li>
</ul>



<h2 class="wp-block-heading"><br>Why should you participate?</h2>



<ul class="wp-block-list">
<li>Learn the history and explanation of AI</li>



<li>Get a range of tips and ideas on how you can work with AI as a creative</li>



<li>Learn to identify risks with the technology</li>



<li>You will sharpen your skills in prompt engineering in generative AI services</li>



<li>You will map your operations and then find ways to streamline them with existing technologies</li>
</ul>



<h2 class="wp-block-heading"><br>Info about the workshop</h2>



<p><strong>When: </strong>6 May, 09.00-12.00<br><strong>Var:</strong> Workshop room, eXpression Umeå<br><strong>Requirements:</strong> Membership of the incubator<br><strong>For whom</strong>: For all participants in the incubator<br><br><strong>Not a member?</strong> <a href="https://expressionumea.se/en/program-2/">Apply here!</a><br><br><strong>Registration:</strong> Contact your business coach</p>



<p></p>

<!-- This site is optimized with the Yoast SEO plugin v27.2 - https://yoast.com/product/yoast-seo-wordpress/ -->
<title>Workshop: AI för kulturella och kreativa branscher​ - eXpression Umeå</title>
<meta name="robots" content="index, follow, max-snippet:-1, max-image-preview:large, max-video-preview:-1" />
<link rel="canonical" href="https://expressionumea.se/en/event/workshop-ai-for-cultural-and-creative-industries/" />
<meta property="og:locale" content="en_GB" />
<meta property="og:type" content="article" />
<meta property="og:title" content="Workshop: AI för kulturella och kreativa branscher​ - eXpression Umeå" />
<meta property="og:description" content="Vi träffar Oskar Riby och Christoffer Juhlin från Rise, de kommer guida dig i hur du som kreatör kan nyttja AI på bästa sätt. I denna workshop kommer du få grunderna i tekniken och få chansen att ställa alla dina frågor till två personer som har råkoll. Vi kommer jobba med:​ Varför ska du delta?​ [&hellip;]" />
<meta property="og:url" content="https://expressionumea.se/en/event/workshop-ai-for-cultural-and-creative-industries/" />
<meta property="og:site_name" content="eXpression Umeå" />
<meta property="article:modified_time" content="2026-04-22T09:13:57+00:00" />
<meta property="og:image" content="https://expressionumea.se/wp-content/uploads/2026/03/Din-stycketext-7.jpg" />
	<meta property="og:image:width" content="1920" />
	<meta property="og:image:height" content="1080" />
	<meta property="og:image:type" content="image/jpeg" />
<meta name="twitter:card" content="summary_large_image" />
<meta name="twitter:label1" content="Estimated reading time" />
	<meta name="twitter:data1" content="2 minutes" />
<script type="application/ld+json" class="yoast-schema-graph">{"@context":"https://schema.org","@graph":[{"@type":"WebPage","@id":"https://expressionumea.se/event/workshop-ai-for-kulturella-och-kreativa-branscher/","url":"https://expressionumea.se/event/workshop-ai-for-kulturella-och-kreativa-branscher/","name":"Workshop: AI för kulturella och kreativa branscher​ - eXpression Umeå","isPartOf":{"@id":"https://expressionumea.se/#website"},"primaryImageOfPage":{"@id":"https://expressionumea.se/event/workshop-ai-for-kulturella-och-kreativa-branscher/#primaryimage"},"image":{"@id":"https://expressionumea.se/event/workshop-ai-for-kulturella-och-kreativa-branscher/#primaryimage"},"thumbnailUrl":"https://expressionumea.se/wp-content/uploads/2026/03/Din-stycketext-7.jpg","datePublished":"2026-04-22T09:13:54+00:00","dateModified":"2026-04-22T09:13:57+00:00","breadcrumb":{"@id":"https://expressionumea.se/event/workshop-ai-for-kulturella-och-kreativa-branscher/#breadcrumb"},"inLanguage":"en-GB","potentialAction":[{"@type":"ReadAction","target":["https://expressionumea.se/event/workshop-ai-for-kulturella-och-kreativa-branscher/"]}]},{"@type":"ImageObject","inLanguage":"en-GB","@id":"https://expressionumea.se/event/workshop-ai-for-kulturella-och-kreativa-branscher/#primaryimage","url":"https://expressionumea.se/wp-content/uploads/2026/03/Din-stycketext-7.jpg","contentUrl":"https://expressionumea.se/wp-content/uploads/2026/03/Din-stycketext-7.jpg","width":1920,"height":1080},{"@type":"BreadcrumbList","@id":"https://expressionumea.se/event/workshop-ai-for-kulturella-och-kreativa-branscher/#breadcrumb","itemListElement":[{"@type":"ListItem","position":1,"name":"Hem","item":"https://expressionumea.se/"},{"@type":"ListItem","position":2,"name":"Event","item":"https://expressionumea.se/en/event/"},{"@type":"ListItem","position":3,"name":"Workshop: AI för kulturella och kreativa branscher​"}]},{"@type":"WebSite","@id":"https://expressionumea.se/#website","url":"https://expressionumea.se/","name":"eXpression Umeå","description":"Creative minds unite","publisher":{"@id":"https://expressionumea.se/#organization"},"potentialAction":[{"@type":"SearchAction","target":{"@type":"EntryPoint","urlTemplate":"https://expressionumea.se/?s={search_term_string}"},"query-input":{"@type":"PropertyValueSpecification","valueRequired":true,"valueName":"search_term_string"}}],"inLanguage":"en-GB"},{"@type":"Organization","@id":"https://expressionumea.se/#organization","name":"eXpression Umeå","url":"https://expressionumea.se/","logo":{"@type":"ImageObject","inLanguage":"en-GB","@id":"https://expressionumea.se/#/schema/logo/image/","url":"https://expressionumea.se/wp-content/uploads/2020/06/expression-ume-logotyp.png","contentUrl":"https://expressionumea.se/wp-content/uploads/2020/06/expression-ume-logotyp.png","width":375,"height":98,"caption":"eXpression Umeå"},"image":{"@id":"https://expressionumea.se/#/schema/logo/image/"}}]}</script>
<!-- / Yoast SEO plugin. -->

Workshop: AI for cultural and creative industries - eXpression Umeå

Workshop: AI för kulturella och kreativa branscher​ - eXpression Umeå

Vi träffar Oskar Riby och Christoffer Juhlin från Rise, de kommer guida dig i hur du som kreatör kan nyttja AI på bästa sätt. I denna workshop kommer du få grunderna i tekniken och få chansen att ställa alla dina frågor till två personer som har råkoll. Vi kommer jobba med:​ Varför ska du delta?​ [&hellip;]

eXpression Umeå

Workshop: AI för kulturella och kreativa branscher​
