{"id":16360,"date":"2021-05-21T01:01:05","date_gmt":"2021-05-20T23:01:05","guid":{"rendered":"https:\/\/expressionumea.se\/?post_type=foretag&#038;p=16360"},"modified":"2021-05-23T16:36:42","modified_gmt":"2021-05-23T14:36:42","slug":"overnight","status":"publish","type":"foretag","link":"https:\/\/expressionumea.se\/en\/foretag\/natten\/","title":{"rendered":"Night"},"content":{"rendered":"<p>The sculpture \"Night\" is a tribute to the stars that light up our sky during the Nordic winter season. Mysterious as the night itself, you can sense its movements depending on where in the room you are looking at it from. The sculpture is made of layered acrylic glass with print and LED lighting. From the side, the cut glass appears to disappear in transparency, but from the back plate a light spreads to remind us of its existence. Night is a glittering interpretation of the beauty of darkness, as without it we would not experience the light. For every piece sold, a donation goes to the organisation \"Never Alone\", which works to combat mental illness. The night is sold in the size: 22x33cm in a limited edition of 10. If interested in a larger size, it may be sold as a unique piece in that specific size.<\/p>\n\n\n\n<figure class=\"wp-block-embed is-type-video is-provider-youtube wp-block-embed-youtube wp-embed-aspect-16-9 wp-has-aspect-ratio\"><div class=\"wp-block-embed__wrapper\">\n<iframe title=\"Night by Zandra Jungell - no sound\" width=\"800\" height=\"450\" src=\"https:\/\/www.youtube.com\/embed\/ICEwl8kdqvc?feature=oembed\" frameborder=\"0\" allow=\"accelerometer; autoplay; clipboard-write; encrypted-media; gyroscope; picture-in-picture\" allowfullscreen><\/iframe>\n<\/div><\/figure>\n\n\n\n<div style=\"height:100px\" aria-hidden=\"true\" class=\"wp-block-spacer\"><\/div>\n\n\n\n<h2 class=\"wp-block-heading\">About the designer<\/h2>\n\n\n\n<p>Zandra Jungell studied photography at The School of Visual Arts in New York. Since then, she has won awards and exhibited her work, including at the Fotografiska Museum in Stockholm. Her images often contain themes of nostalgia, dreams, light and darkness. With access to an active inner world, she expresses it through the camera lens.<\/p>\n\n\n\n<figure class=\"wp-block-image size-medium\"><img fetchpriority=\"high\" decoding=\"async\" width=\"300\" height=\"300\" src=\"https:\/\/expressionumea.se\/wp-content\/uploads\/2021\/05\/Zandra_eXpression_WEBB-300x300.jpg\" alt=\"\" class=\"wp-image-16361\" srcset=\"https:\/\/expressionumea.se\/wp-content\/uploads\/2021\/05\/Zandra_eXpression_WEBB-300x300.jpg 300w, https:\/\/expressionumea.se\/wp-content\/uploads\/2021\/05\/Zandra_eXpression_WEBB-1024x1024.jpg 1024w, https:\/\/expressionumea.se\/wp-content\/uploads\/2021\/05\/Zandra_eXpression_WEBB-150x150.jpg 150w, https:\/\/expressionumea.se\/wp-content\/uploads\/2021\/05\/Zandra_eXpression_WEBB-768x768.jpg 768w, https:\/\/expressionumea.se\/wp-content\/uploads\/2021\/05\/Zandra_eXpression_WEBB.jpg 1500w\" sizes=\"(max-width: 300px) 100vw, 300px\" \/><figcaption>Zandra Jungell. Photo: Elin Nerpin<\/figcaption><\/figure>\n\n\n\n<div class=\"wp-block-group has-background\" style=\"background-color:#f5d6ba\"><div class=\"wp-block-group__inner-container is-layout-flow wp-block-group-is-layout-flow\">\n<h2 class=\"wp-block-heading\">Facts<\/h2>\n\n\n\n<p><strong>Name of product:<\/strong> Night<br><strong>Producer:<\/strong> \u00c5grenhuset, \u00d6rnsk\u00f6ldsvik<br><strong>Material:<\/strong> Planographic acrylic glass with LED<br><strong>Designer:<\/strong> Zandra Jungell<br><strong>Company name:<\/strong> Zandra Jungell<br><strong>Price:<\/strong> 7400 ink. 12 % VAT.<\/p>\n<\/div><\/div>","protected":false},"excerpt":{"rendered":"<p>The sculpture \"Night\" is a tribute to the stars that light up our sky during the Nordic winter season. Mysterious as the night itself, you can sense its movements depending on where in the room you view it from. <\/p>","protected":false},"featured_media":16362,"parent":0,"template":"","meta":[],"foretagskategorier":[741],"class_list":["post-16360","foretag","type-foretag","status-publish","has-post-thumbnail","hentry","search-category-foretag","foretagskategorier-expression-design-2021"],"yoast_head":"<!-- This site is optimized with the Yoast SEO plugin v27.2 - https:\/\/yoast.com\/product\/yoast-seo-wordpress\/ -->\n<title>Natten - eXpression Ume\u00e5<\/title>\n<meta name=\"robots\" content=\"index, follow, max-snippet:-1, max-image-preview:large, max-video-preview:-1\" \/>\n<link rel=\"canonical\" href=\"https:\/\/expressionumea.se\/en\/do\/overnight\/\" \/>\n<meta property=\"og:locale\" content=\"en_GB\" \/>\n<meta property=\"og:type\" content=\"article\" \/>\n<meta property=\"og:title\" content=\"Natten - eXpression Ume\u00e5\" \/>\n<meta property=\"og:description\" content=\"Skulpturen \u201cNatten\u201d \u00e4r en hyllning till de stj\u00e4rnor som lyser upp v\u00e5rt himlavalv under det nordiska vinterhalv\u00e5ret. Mystisk som sj\u00e4lvaste natten, kan man ana hennes r\u00f6relser beroende p\u00e5 fr\u00e5n vart i rummet man betraktar den.\" \/>\n<meta property=\"og:url\" content=\"https:\/\/expressionumea.se\/en\/do\/overnight\/\" \/>\n<meta property=\"og:site_name\" content=\"eXpression Ume\u00e5\" \/>\n<meta property=\"article:modified_time\" content=\"2021-05-23T14:36:42+00:00\" \/>\n<meta property=\"og:image\" content=\"https:\/\/expressionumea.se\/wp-content\/uploads\/2021\/05\/Zandra-Jungell-Skulptur-ny-bakgrund.jpg\" \/>\n\t<meta property=\"og:image:width\" content=\"500\" \/>\n\t<meta property=\"og:image:height\" content=\"500\" \/>\n\t<meta property=\"og:image:type\" content=\"image\/jpeg\" \/>\n<meta name=\"twitter:card\" content=\"summary_large_image\" \/>\n<meta name=\"twitter:label1\" content=\"Estimated reading time\" \/>\n\t<meta name=\"twitter:data1\" content=\"2 minutes\" \/>\n<script type=\"application\/ld+json\" class=\"yoast-schema-graph\">{\"@context\":\"https:\/\/schema.org\",\"@graph\":[{\"@type\":\"WebPage\",\"@id\":\"https:\/\/expressionumea.se\/foretag\/natten\/\",\"url\":\"https:\/\/expressionumea.se\/foretag\/natten\/\",\"name\":\"Natten - eXpression Ume\u00e5\",\"isPartOf\":{\"@id\":\"https:\/\/expressionumea.se\/#website\"},\"primaryImageOfPage\":{\"@id\":\"https:\/\/expressionumea.se\/foretag\/natten\/#primaryimage\"},\"image\":{\"@id\":\"https:\/\/expressionumea.se\/foretag\/natten\/#primaryimage\"},\"thumbnailUrl\":\"https:\/\/expressionumea.se\/wp-content\/uploads\/2021\/05\/Zandra-Jungell-Skulptur-ny-bakgrund.jpg\",\"datePublished\":\"2021-05-20T23:01:05+00:00\",\"dateModified\":\"2021-05-23T14:36:42+00:00\",\"breadcrumb\":{\"@id\":\"https:\/\/expressionumea.se\/foretag\/natten\/#breadcrumb\"},\"inLanguage\":\"en-GB\",\"potentialAction\":[{\"@type\":\"ReadAction\",\"target\":[\"https:\/\/expressionumea.se\/foretag\/natten\/\"]}]},{\"@type\":\"ImageObject\",\"inLanguage\":\"en-GB\",\"@id\":\"https:\/\/expressionumea.se\/foretag\/natten\/#primaryimage\",\"url\":\"https:\/\/expressionumea.se\/wp-content\/uploads\/2021\/05\/Zandra-Jungell-Skulptur-ny-bakgrund.jpg\",\"contentUrl\":\"https:\/\/expressionumea.se\/wp-content\/uploads\/2021\/05\/Zandra-Jungell-Skulptur-ny-bakgrund.jpg\",\"width\":500,\"height\":500,\"caption\":\"Skulturen Natten av Zandra Jungell\"},{\"@type\":\"BreadcrumbList\",\"@id\":\"https:\/\/expressionumea.se\/foretag\/natten\/#breadcrumb\",\"itemListElement\":[{\"@type\":\"ListItem\",\"position\":1,\"name\":\"Hem\",\"item\":\"https:\/\/expressionumea.se\/\"},{\"@type\":\"ListItem\",\"position\":2,\"name\":\"F\u00f6retag\",\"item\":\"https:\/\/expressionumea.se\/foretag\/\"},{\"@type\":\"ListItem\",\"position\":3,\"name\":\"Natten\"}]},{\"@type\":\"WebSite\",\"@id\":\"https:\/\/expressionumea.se\/#website\",\"url\":\"https:\/\/expressionumea.se\/\",\"name\":\"eXpression Ume\u00e5\",\"description\":\"Creative minds unite\",\"publisher\":{\"@id\":\"https:\/\/expressionumea.se\/#organization\"},\"potentialAction\":[{\"@type\":\"SearchAction\",\"target\":{\"@type\":\"EntryPoint\",\"urlTemplate\":\"https:\/\/expressionumea.se\/?s={search_term_string}\"},\"query-input\":{\"@type\":\"PropertyValueSpecification\",\"valueRequired\":true,\"valueName\":\"search_term_string\"}}],\"inLanguage\":\"en-GB\"},{\"@type\":\"Organization\",\"@id\":\"https:\/\/expressionumea.se\/#organization\",\"name\":\"eXpression Ume\u00e5\",\"url\":\"https:\/\/expressionumea.se\/\",\"logo\":{\"@type\":\"ImageObject\",\"inLanguage\":\"en-GB\",\"@id\":\"https:\/\/expressionumea.se\/#\/schema\/logo\/image\/\",\"url\":\"https:\/\/expressionumea.se\/wp-content\/uploads\/2020\/06\/expression-ume-logotyp.png\",\"contentUrl\":\"https:\/\/expressionumea.se\/wp-content\/uploads\/2020\/06\/expression-ume-logotyp.png\",\"width\":375,\"height\":98,\"caption\":\"eXpression Ume\u00e5\"},\"image\":{\"@id\":\"https:\/\/expressionumea.se\/#\/schema\/logo\/image\/\"}}]}<\/script>\n<!-- \/ Yoast SEO plugin. -->","yoast_head_json":{"title":"Night - eXpression Ume\u00e5","robots":{"index":"index","follow":"follow","max-snippet":"max-snippet:-1","max-image-preview":"max-image-preview:large","max-video-preview":"max-video-preview:-1"},"canonical":"https:\/\/expressionumea.se\/en\/do\/overnight\/","og_locale":"en_GB","og_type":"article","og_title":"Natten - eXpression Ume\u00e5","og_description":"Skulpturen \u201cNatten\u201d \u00e4r en hyllning till de stj\u00e4rnor som lyser upp v\u00e5rt himlavalv under det nordiska vinterhalv\u00e5ret. Mystisk som sj\u00e4lvaste natten, kan man ana hennes r\u00f6relser beroende p\u00e5 fr\u00e5n vart i rummet man betraktar den.","og_url":"https:\/\/expressionumea.se\/en\/do\/overnight\/","og_site_name":"eXpression Ume\u00e5","article_modified_time":"2021-05-23T14:36:42+00:00","og_image":[{"width":500,"height":500,"url":"https:\/\/expressionumea.se\/wp-content\/uploads\/2021\/05\/Zandra-Jungell-Skulptur-ny-bakgrund.jpg","type":"image\/jpeg"}],"twitter_card":"summary_large_image","twitter_misc":{"Estimated reading time":"2 minutes"},"schema":{"@context":"https:\/\/schema.org","@graph":[{"@type":"WebPage","@id":"https:\/\/expressionumea.se\/foretag\/natten\/","url":"https:\/\/expressionumea.se\/foretag\/natten\/","name":"Night - eXpression Ume\u00e5","isPartOf":{"@id":"https:\/\/expressionumea.se\/#website"},"primaryImageOfPage":{"@id":"https:\/\/expressionumea.se\/foretag\/natten\/#primaryimage"},"image":{"@id":"https:\/\/expressionumea.se\/foretag\/natten\/#primaryimage"},"thumbnailUrl":"https:\/\/expressionumea.se\/wp-content\/uploads\/2021\/05\/Zandra-Jungell-Skulptur-ny-bakgrund.jpg","datePublished":"2021-05-20T23:01:05+00:00","dateModified":"2021-05-23T14:36:42+00:00","breadcrumb":{"@id":"https:\/\/expressionumea.se\/foretag\/natten\/#breadcrumb"},"inLanguage":"en-GB","potentialAction":[{"@type":"ReadAction","target":["https:\/\/expressionumea.se\/foretag\/natten\/"]}]},{"@type":"ImageObject","inLanguage":"en-GB","@id":"https:\/\/expressionumea.se\/foretag\/natten\/#primaryimage","url":"https:\/\/expressionumea.se\/wp-content\/uploads\/2021\/05\/Zandra-Jungell-Skulptur-ny-bakgrund.jpg","contentUrl":"https:\/\/expressionumea.se\/wp-content\/uploads\/2021\/05\/Zandra-Jungell-Skulptur-ny-bakgrund.jpg","width":500,"height":500,"caption":"Skulturen Natten av Zandra Jungell"},{"@type":"BreadcrumbList","@id":"https:\/\/expressionumea.se\/foretag\/natten\/#breadcrumb","itemListElement":[{"@type":"ListItem","position":1,"name":"Hem","item":"https:\/\/expressionumea.se\/"},{"@type":"ListItem","position":2,"name":"F\u00f6retag","item":"https:\/\/expressionumea.se\/foretag\/"},{"@type":"ListItem","position":3,"name":"Natten"}]},{"@type":"WebSite","@id":"https:\/\/expressionumea.se\/#website","url":"https:\/\/expressionumea.se\/","name":"eXpression Ume\u00e5","description":"Creative minds unite","publisher":{"@id":"https:\/\/expressionumea.se\/#organization"},"potentialAction":[{"@type":"SearchAction","target":{"@type":"EntryPoint","urlTemplate":"https:\/\/expressionumea.se\/?s={search_term_string}"},"query-input":{"@type":"PropertyValueSpecification","valueRequired":true,"valueName":"search_term_string"}}],"inLanguage":"en-GB"},{"@type":"Organization","@id":"https:\/\/expressionumea.se\/#organization","name":"eXpression Ume\u00e5","url":"https:\/\/expressionumea.se\/","logo":{"@type":"ImageObject","inLanguage":"en-GB","@id":"https:\/\/expressionumea.se\/#\/schema\/logo\/image\/","url":"https:\/\/expressionumea.se\/wp-content\/uploads\/2020\/06\/expression-ume-logotyp.png","contentUrl":"https:\/\/expressionumea.se\/wp-content\/uploads\/2020\/06\/expression-ume-logotyp.png","width":375,"height":98,"caption":"eXpression Ume\u00e5"},"image":{"@id":"https:\/\/expressionumea.se\/#\/schema\/logo\/image\/"}}]}},"_links":{"self":[{"href":"https:\/\/expressionumea.se\/en\/wp-json\/wp\/v2\/foretag\/16360","targetHints":{"allow":["GET"]}}],"collection":[{"href":"https:\/\/expressionumea.se\/en\/wp-json\/wp\/v2\/foretag"}],"about":[{"href":"https:\/\/expressionumea.se\/en\/wp-json\/wp\/v2\/types\/foretag"}],"wp:featuredmedia":[{"embeddable":true,"href":"https:\/\/expressionumea.se\/en\/wp-json\/wp\/v2\/media\/16362"}],"wp:attachment":[{"href":"https:\/\/expressionumea.se\/en\/wp-json\/wp\/v2\/media?parent=16360"}],"wp:term":[{"taxonomy":"foretagskategorier","embeddable":true,"href":"https:\/\/expressionumea.se\/en\/wp-json\/wp\/v2\/foretagskategorier?post=16360"}],"curies":[{"name":"wp","href":"https:\/\/api.w.org\/{rel}","templated":true}]}}

<p>The sculpture "Night" is a tribute to the stars that light up our sky during the Nordic winter season. Mysterious as the night itself, you can sense its movements depending on where in the room you are looking at it from. The sculpture is made of layered acrylic glass with print and LED lighting. From the side, the cut glass appears to disappear in transparency, but from the back plate a light spreads to remind us of its existence. Night is a glittering interpretation of the beauty of darkness, as without it we would not experience the light. For every piece sold, a donation goes to the organisation "Never Alone", which works to combat mental illness. The night is sold in the size: 22x33cm in a limited edition of 10. If interested in a larger size, it may be sold as a unique piece in that specific size.</p>



<figure class="wp-block-embed is-type-video is-provider-youtube wp-block-embed-youtube wp-embed-aspect-16-9 wp-has-aspect-ratio"><div class="wp-block-embed__wrapper">
<iframe title="Night by Zandra Jungell - no sound" width="800" height="450" src="https://www.youtube.com/embed/ICEwl8kdqvc?feature=oembed" frameborder="0" allow="accelerometer; autoplay; clipboard-write; encrypted-media; gyroscope; picture-in-picture" allowfullscreen></iframe>
</div></figure>



<div style="height:100px" aria-hidden="true" class="wp-block-spacer"></div>



<h2 class="wp-block-heading">About the designer</h2>



<p>Zandra Jungell studied photography at The School of Visual Arts in New York. Since then, she has won awards and exhibited her work, including at the Fotografiska Museum in Stockholm. Her images often contain themes of nostalgia, dreams, light and darkness. With access to an active inner world, she expresses it through the camera lens.</p>



<figure class="wp-block-image size-medium"><img fetchpriority="high" decoding="async" width="300" height="300" src="https://expressionumea.se/wp-content/uploads/2021/05/Zandra_eXpression_WEBB-300x300.jpg" alt="" class="wp-image-16361" srcset="https://expressionumea.se/wp-content/uploads/2021/05/Zandra_eXpression_WEBB-300x300.jpg 300w, https://expressionumea.se/wp-content/uploads/2021/05/Zandra_eXpression_WEBB-1024x1024.jpg 1024w, https://expressionumea.se/wp-content/uploads/2021/05/Zandra_eXpression_WEBB-150x150.jpg 150w, https://expressionumea.se/wp-content/uploads/2021/05/Zandra_eXpression_WEBB-768x768.jpg 768w, https://expressionumea.se/wp-content/uploads/2021/05/Zandra_eXpression_WEBB.jpg 1500w" sizes="(max-width: 300px) 100vw, 300px" /><figcaption>Zandra Jungell. Photo: Elin Nerpin</figcaption></figure>



<div class="wp-block-group has-background" style="background-color:#f5d6ba"><div class="wp-block-group__inner-container is-layout-flow wp-block-group-is-layout-flow">
<h2 class="wp-block-heading">Facts</h2>



<p><strong>Name of product:</strong> Night<br><strong>Producer:</strong> Ågrenhuset, Örnsköldsvik<br><strong>Material:</strong> Planographic acrylic glass with LED<br><strong>Designer:</strong> Zandra Jungell<br><strong>Company name:</strong> Zandra Jungell<br><strong>Price:</strong> 7400 ink. 12 % VAT.</p>
</div></div>

<!-- This site is optimized with the Yoast SEO plugin v27.2 - https://yoast.com/product/yoast-seo-wordpress/ -->
<title>Natten - eXpression Umeå</title>
<meta name="robots" content="index, follow, max-snippet:-1, max-image-preview:large, max-video-preview:-1" />
<link rel="canonical" href="https://expressionumea.se/en/do/overnight/" />
<meta property="og:locale" content="en_GB" />
<meta property="og:type" content="article" />
<meta property="og:title" content="Natten - eXpression Umeå" />
<meta property="og:description" content="Skulpturen “Natten” är en hyllning till de stjärnor som lyser upp vårt himlavalv under det nordiska vinterhalvåret. Mystisk som självaste natten, kan man ana hennes rörelser beroende på från vart i rummet man betraktar den." />
<meta property="og:url" content="https://expressionumea.se/en/do/overnight/" />
<meta property="og:site_name" content="eXpression Umeå" />
<meta property="article:modified_time" content="2021-05-23T14:36:42+00:00" />
<meta property="og:image" content="https://expressionumea.se/wp-content/uploads/2021/05/Zandra-Jungell-Skulptur-ny-bakgrund.jpg" />
	<meta property="og:image:width" content="500" />
	<meta property="og:image:height" content="500" />
	<meta property="og:image:type" content="image/jpeg" />
<meta name="twitter:card" content="summary_large_image" />
<meta name="twitter:label1" content="Estimated reading time" />
	<meta name="twitter:data1" content="2 minutes" />
<script type="application/ld+json" class="yoast-schema-graph">{"@context":"https://schema.org","@graph":[{"@type":"WebPage","@id":"https://expressionumea.se/foretag/natten/","url":"https://expressionumea.se/foretag/natten/","name":"Natten - eXpression Umeå","isPartOf":{"@id":"https://expressionumea.se/#website"},"primaryImageOfPage":{"@id":"https://expressionumea.se/foretag/natten/#primaryimage"},"image":{"@id":"https://expressionumea.se/foretag/natten/#primaryimage"},"thumbnailUrl":"https://expressionumea.se/wp-content/uploads/2021/05/Zandra-Jungell-Skulptur-ny-bakgrund.jpg","datePublished":"2021-05-20T23:01:05+00:00","dateModified":"2021-05-23T14:36:42+00:00","breadcrumb":{"@id":"https://expressionumea.se/foretag/natten/#breadcrumb"},"inLanguage":"en-GB","potentialAction":[{"@type":"ReadAction","target":["https://expressionumea.se/foretag/natten/"]}]},{"@type":"ImageObject","inLanguage":"en-GB","@id":"https://expressionumea.se/foretag/natten/#primaryimage","url":"https://expressionumea.se/wp-content/uploads/2021/05/Zandra-Jungell-Skulptur-ny-bakgrund.jpg","contentUrl":"https://expressionumea.se/wp-content/uploads/2021/05/Zandra-Jungell-Skulptur-ny-bakgrund.jpg","width":500,"height":500,"caption":"Skulturen Natten av Zandra Jungell"},{"@type":"BreadcrumbList","@id":"https://expressionumea.se/foretag/natten/#breadcrumb","itemListElement":[{"@type":"ListItem","position":1,"name":"Hem","item":"https://expressionumea.se/"},{"@type":"ListItem","position":2,"name":"Företag","item":"https://expressionumea.se/foretag/"},{"@type":"ListItem","position":3,"name":"Natten"}]},{"@type":"WebSite","@id":"https://expressionumea.se/#website","url":"https://expressionumea.se/","name":"eXpression Umeå","description":"Creative minds unite","publisher":{"@id":"https://expressionumea.se/#organization"},"potentialAction":[{"@type":"SearchAction","target":{"@type":"EntryPoint","urlTemplate":"https://expressionumea.se/?s={search_term_string}"},"query-input":{"@type":"PropertyValueSpecification","valueRequired":true,"valueName":"search_term_string"}}],"inLanguage":"en-GB"},{"@type":"Organization","@id":"https://expressionumea.se/#organization","name":"eXpression Umeå","url":"https://expressionumea.se/","logo":{"@type":"ImageObject","inLanguage":"en-GB","@id":"https://expressionumea.se/#/schema/logo/image/","url":"https://expressionumea.se/wp-content/uploads/2020/06/expression-ume-logotyp.png","contentUrl":"https://expressionumea.se/wp-content/uploads/2020/06/expression-ume-logotyp.png","width":375,"height":98,"caption":"eXpression Umeå"},"image":{"@id":"https://expressionumea.se/#/schema/logo/image/"}}]}</script>
<!-- / Yoast SEO plugin. -->

Night - eXpression Umeå

Natten - eXpression Umeå

Skulpturen “Natten” är en hyllning till de stjärnor som lyser upp vårt himlavalv under det nordiska vinterhalvåret. Mystisk som självaste natten, kan man ana hennes rörelser beroende på från vart i rummet man betraktar den.

eXpression Umeå

Företag
