{"id":11743,"date":"2020-08-18T19:58:30","date_gmt":"2020-08-18T17:58:30","guid":{"rendered":"http:\/\/expressionumea.se.loopiadns.com\/?page_id=11743"},"modified":"2025-11-05T11:33:11","modified_gmt":"2025-11-05T10:33:11","slug":"logo-and-graphic-profile","status":"publish","type":"page","link":"https:\/\/expressionumea.se\/en\/pressrum\/logotyp-och-grafisk-profil\/","title":{"rendered":"Our graphic profile"},"content":{"rendered":"<p><strong>eXpression Ume\u00e5's graphic profile is imbued with creativity, co-creation and entrepreneurship. The focus is on flexibility as the incubator should be able to dress for different missions and moods, always with a clear identity. <\/strong><\/p>\n\n\n\n<p>As an incubator, we have many different roles and missions, and we communicate with everyone from local creative entrepreneurs to national and international partners, decision-makers and influencers. Being flexible in our expressions allows us to give each message and mission the best possible impact.<\/p>\n\n\n\n<p>You will always recognise the common thread that runs through our Brand Book, i.e. the values, characteristics and expressions - in text, images, sound and form - that together tell the story of eXpression Ume\u00e5 and form our identity.<\/p>\n\n\n\n<h2 class=\"wp-block-heading\">LINKS FOR DOWNLOAD<\/h2>\n\n\n\n<p><a href=\"https:\/\/umuexpression.sharepoint.com\/:f:\/s\/msteams_4f4c15\/EhOF9zA9_JNMjZ2FL-I5aJAB7cr53njY4Gs_FyNH2EvleQ?e=ZGd7dh\" target=\"_blank\" rel=\"noreferrer noopener\">\" Logotype<\/a><\/p>\n\n\n\n<p><a href=\"https:\/\/fonts.google.com\/specimen\/IBM+Plex+Sans\" target=\"_blank\" rel=\"noreferrer noopener\">\" The font we use (external link)<\/a><\/p>\n\n\n\n<p><\/p>","protected":false},"excerpt":{"rendered":"<p>eXpression Ume\u00e5s grafiska profil genomsyras av kreativitet, samskapande och f\u00f6retagande. Fokus ligger p\u00e5 flexibilitet d\u00e5 inkubatorn ska ha m\u00f6jlighet att kl\u00e4 sig f\u00f6r olika uppdrag och st\u00e4mningar, alltid med en tydlig identitet. Som inkubator har vi m\u00e5nga olika roller och uppdrag och vi kommunicerar med alltifr\u00e5n lokala kreativa entrepren\u00f6rer till nationella och internationella samarbetspartners, beslutsfattare [&hellip;]<\/p>\n","protected":false},"author":1,"featured_media":12801,"parent":11730,"menu_order":0,"comment_status":"closed","ping_status":"closed","template":"","meta":{"footnotes":""},"elementor-sidmallar":[636],"class_list":["post-11743","page","type-page","status-publish","has-post-thumbnail","hentry","search-category-sida","elementor-sidmallar-enskild-sida"],"yoast_head":"<!-- This site is optimized with the Yoast SEO plugin v27.2 - https:\/\/yoast.com\/product\/yoast-seo-wordpress\/ -->\n<title>V\u00e5r grafiska profil - eXpression Ume\u00e5<\/title>\n<meta name=\"robots\" content=\"index, follow, max-snippet:-1, max-image-preview:large, max-video-preview:-1\" \/>\n<link rel=\"canonical\" href=\"https:\/\/expressionumea.se\/en\/press-room\/logo-and-graphic-profile\/\" \/>\n<meta property=\"og:locale\" content=\"en_GB\" \/>\n<meta property=\"og:type\" content=\"article\" \/>\n<meta property=\"og:title\" content=\"V\u00e5r grafiska profil - eXpression Ume\u00e5\" \/>\n<meta property=\"og:description\" content=\"eXpression Ume\u00e5s grafiska profil genomsyras av kreativitet, samskapande och f\u00f6retagande. Fokus ligger p\u00e5 flexibilitet d\u00e5 inkubatorn ska ha m\u00f6jlighet att kl\u00e4 sig f\u00f6r olika uppdrag och st\u00e4mningar, alltid med en tydlig identitet. Som inkubator har vi m\u00e5nga olika roller och uppdrag och vi kommunicerar med alltifr\u00e5n lokala kreativa entrepren\u00f6rer till nationella och internationella samarbetspartners, beslutsfattare [&hellip;]\" \/>\n<meta property=\"og:url\" content=\"https:\/\/expressionumea.se\/en\/press-room\/logo-and-graphic-profile\/\" \/>\n<meta property=\"og:site_name\" content=\"eXpression Ume\u00e5\" \/>\n<meta property=\"article:modified_time\" content=\"2025-11-05T10:33:11+00:00\" \/>\n<meta property=\"og:image\" content=\"https:\/\/expressionumea.se\/wp-content\/uploads\/2020\/08\/grafisk_profil.jpeg\" \/>\n\t<meta property=\"og:image:width\" content=\"1920\" \/>\n\t<meta property=\"og:image:height\" content=\"1080\" \/>\n\t<meta property=\"og:image:type\" content=\"image\/jpeg\" \/>\n<meta name=\"twitter:card\" content=\"summary_large_image\" \/>\n<meta name=\"twitter:label1\" content=\"Estimated reading time\" \/>\n\t<meta name=\"twitter:data1\" content=\"1 minute\" \/>\n<script type=\"application\/ld+json\" class=\"yoast-schema-graph\">{\"@context\":\"https:\/\/schema.org\",\"@graph\":[{\"@type\":\"WebPage\",\"@id\":\"https:\/\/expressionumea.se\/pressrum\/logotyp-och-grafisk-profil\/\",\"url\":\"https:\/\/expressionumea.se\/pressrum\/logotyp-och-grafisk-profil\/\",\"name\":\"V\u00e5r grafiska profil - eXpression Ume\u00e5\",\"isPartOf\":{\"@id\":\"https:\/\/expressionumea.se\/#website\"},\"primaryImageOfPage\":{\"@id\":\"https:\/\/expressionumea.se\/pressrum\/logotyp-och-grafisk-profil\/#primaryimage\"},\"image\":{\"@id\":\"https:\/\/expressionumea.se\/pressrum\/logotyp-och-grafisk-profil\/#primaryimage\"},\"thumbnailUrl\":\"https:\/\/expressionumea.se\/wp-content\/uploads\/2020\/08\/grafisk_profil.jpeg\",\"datePublished\":\"2020-08-18T17:58:30+00:00\",\"dateModified\":\"2025-11-05T10:33:11+00:00\",\"breadcrumb\":{\"@id\":\"https:\/\/expressionumea.se\/pressrum\/logotyp-och-grafisk-profil\/#breadcrumb\"},\"inLanguage\":\"en-GB\",\"potentialAction\":[{\"@type\":\"ReadAction\",\"target\":[\"https:\/\/expressionumea.se\/pressrum\/logotyp-och-grafisk-profil\/\"]}]},{\"@type\":\"ImageObject\",\"inLanguage\":\"en-GB\",\"@id\":\"https:\/\/expressionumea.se\/pressrum\/logotyp-och-grafisk-profil\/#primaryimage\",\"url\":\"https:\/\/expressionumea.se\/wp-content\/uploads\/2020\/08\/grafisk_profil.jpeg\",\"contentUrl\":\"https:\/\/expressionumea.se\/wp-content\/uploads\/2020\/08\/grafisk_profil.jpeg\",\"width\":1920,\"height\":1080},{\"@type\":\"BreadcrumbList\",\"@id\":\"https:\/\/expressionumea.se\/pressrum\/logotyp-och-grafisk-profil\/#breadcrumb\",\"itemListElement\":[{\"@type\":\"ListItem\",\"position\":1,\"name\":\"Hem\",\"item\":\"https:\/\/expressionumea.se\/\"},{\"@type\":\"ListItem\",\"position\":2,\"name\":\"Pressrum\",\"item\":\"https:\/\/expressionumea.se\/pressrum\/\"},{\"@type\":\"ListItem\",\"position\":3,\"name\":\"V\u00e5r grafiska profil\"}]},{\"@type\":\"WebSite\",\"@id\":\"https:\/\/expressionumea.se\/#website\",\"url\":\"https:\/\/expressionumea.se\/\",\"name\":\"eXpression Ume\u00e5\",\"description\":\"Creative minds unite\",\"publisher\":{\"@id\":\"https:\/\/expressionumea.se\/#organization\"},\"potentialAction\":[{\"@type\":\"SearchAction\",\"target\":{\"@type\":\"EntryPoint\",\"urlTemplate\":\"https:\/\/expressionumea.se\/?s={search_term_string}\"},\"query-input\":{\"@type\":\"PropertyValueSpecification\",\"valueRequired\":true,\"valueName\":\"search_term_string\"}}],\"inLanguage\":\"en-GB\"},{\"@type\":\"Organization\",\"@id\":\"https:\/\/expressionumea.se\/#organization\",\"name\":\"eXpression Ume\u00e5\",\"url\":\"https:\/\/expressionumea.se\/\",\"logo\":{\"@type\":\"ImageObject\",\"inLanguage\":\"en-GB\",\"@id\":\"https:\/\/expressionumea.se\/#\/schema\/logo\/image\/\",\"url\":\"https:\/\/expressionumea.se\/wp-content\/uploads\/2020\/06\/expression-ume-logotyp.png\",\"contentUrl\":\"https:\/\/expressionumea.se\/wp-content\/uploads\/2020\/06\/expression-ume-logotyp.png\",\"width\":375,\"height\":98,\"caption\":\"eXpression Ume\u00e5\"},\"image\":{\"@id\":\"https:\/\/expressionumea.se\/#\/schema\/logo\/image\/\"}}]}<\/script>\n<!-- \/ Yoast SEO plugin. -->","yoast_head_json":{"title":"Our graphic profile - eXpression Ume\u00e5","robots":{"index":"index","follow":"follow","max-snippet":"max-snippet:-1","max-image-preview":"max-image-preview:large","max-video-preview":"max-video-preview:-1"},"canonical":"https:\/\/expressionumea.se\/en\/press-room\/logo-and-graphic-profile\/","og_locale":"en_GB","og_type":"article","og_title":"V\u00e5r grafiska profil - eXpression Ume\u00e5","og_description":"eXpression Ume\u00e5s grafiska profil genomsyras av kreativitet, samskapande och f\u00f6retagande. Fokus ligger p\u00e5 flexibilitet d\u00e5 inkubatorn ska ha m\u00f6jlighet att kl\u00e4 sig f\u00f6r olika uppdrag och st\u00e4mningar, alltid med en tydlig identitet. Som inkubator har vi m\u00e5nga olika roller och uppdrag och vi kommunicerar med alltifr\u00e5n lokala kreativa entrepren\u00f6rer till nationella och internationella samarbetspartners, beslutsfattare [&hellip;]","og_url":"https:\/\/expressionumea.se\/en\/press-room\/logo-and-graphic-profile\/","og_site_name":"eXpression Ume\u00e5","article_modified_time":"2025-11-05T10:33:11+00:00","og_image":[{"width":1920,"height":1080,"url":"https:\/\/expressionumea.se\/wp-content\/uploads\/2020\/08\/grafisk_profil.jpeg","type":"image\/jpeg"}],"twitter_card":"summary_large_image","twitter_misc":{"Estimated reading time":"1 minute"},"schema":{"@context":"https:\/\/schema.org","@graph":[{"@type":"WebPage","@id":"https:\/\/expressionumea.se\/pressrum\/logotyp-och-grafisk-profil\/","url":"https:\/\/expressionumea.se\/pressrum\/logotyp-och-grafisk-profil\/","name":"Our graphic profile - eXpression Ume\u00e5","isPartOf":{"@id":"https:\/\/expressionumea.se\/#website"},"primaryImageOfPage":{"@id":"https:\/\/expressionumea.se\/pressrum\/logotyp-och-grafisk-profil\/#primaryimage"},"image":{"@id":"https:\/\/expressionumea.se\/pressrum\/logotyp-och-grafisk-profil\/#primaryimage"},"thumbnailUrl":"https:\/\/expressionumea.se\/wp-content\/uploads\/2020\/08\/grafisk_profil.jpeg","datePublished":"2020-08-18T17:58:30+00:00","dateModified":"2025-11-05T10:33:11+00:00","breadcrumb":{"@id":"https:\/\/expressionumea.se\/pressrum\/logotyp-och-grafisk-profil\/#breadcrumb"},"inLanguage":"en-GB","potentialAction":[{"@type":"ReadAction","target":["https:\/\/expressionumea.se\/pressrum\/logotyp-och-grafisk-profil\/"]}]},{"@type":"ImageObject","inLanguage":"en-GB","@id":"https:\/\/expressionumea.se\/pressrum\/logotyp-och-grafisk-profil\/#primaryimage","url":"https:\/\/expressionumea.se\/wp-content\/uploads\/2020\/08\/grafisk_profil.jpeg","contentUrl":"https:\/\/expressionumea.se\/wp-content\/uploads\/2020\/08\/grafisk_profil.jpeg","width":1920,"height":1080},{"@type":"BreadcrumbList","@id":"https:\/\/expressionumea.se\/pressrum\/logotyp-och-grafisk-profil\/#breadcrumb","itemListElement":[{"@type":"ListItem","position":1,"name":"Hem","item":"https:\/\/expressionumea.se\/"},{"@type":"ListItem","position":2,"name":"Pressrum","item":"https:\/\/expressionumea.se\/pressrum\/"},{"@type":"ListItem","position":3,"name":"V\u00e5r grafiska profil"}]},{"@type":"WebSite","@id":"https:\/\/expressionumea.se\/#website","url":"https:\/\/expressionumea.se\/","name":"eXpression Ume\u00e5","description":"Creative minds unite","publisher":{"@id":"https:\/\/expressionumea.se\/#organization"},"potentialAction":[{"@type":"SearchAction","target":{"@type":"EntryPoint","urlTemplate":"https:\/\/expressionumea.se\/?s={search_term_string}"},"query-input":{"@type":"PropertyValueSpecification","valueRequired":true,"valueName":"search_term_string"}}],"inLanguage":"en-GB"},{"@type":"Organization","@id":"https:\/\/expressionumea.se\/#organization","name":"eXpression Ume\u00e5","url":"https:\/\/expressionumea.se\/","logo":{"@type":"ImageObject","inLanguage":"en-GB","@id":"https:\/\/expressionumea.se\/#\/schema\/logo\/image\/","url":"https:\/\/expressionumea.se\/wp-content\/uploads\/2020\/06\/expression-ume-logotyp.png","contentUrl":"https:\/\/expressionumea.se\/wp-content\/uploads\/2020\/06\/expression-ume-logotyp.png","width":375,"height":98,"caption":"eXpression Ume\u00e5"},"image":{"@id":"https:\/\/expressionumea.se\/#\/schema\/logo\/image\/"}}]}},"_links":{"self":[{"href":"https:\/\/expressionumea.se\/en\/wp-json\/wp\/v2\/pages\/11743","targetHints":{"allow":["GET"]}}],"collection":[{"href":"https:\/\/expressionumea.se\/en\/wp-json\/wp\/v2\/pages"}],"about":[{"href":"https:\/\/expressionumea.se\/en\/wp-json\/wp\/v2\/types\/page"}],"author":[{"embeddable":true,"href":"https:\/\/expressionumea.se\/en\/wp-json\/wp\/v2\/users\/1"}],"replies":[{"embeddable":true,"href":"https:\/\/expressionumea.se\/en\/wp-json\/wp\/v2\/comments?post=11743"}],"version-history":[{"count":5,"href":"https:\/\/expressionumea.se\/en\/wp-json\/wp\/v2\/pages\/11743\/revisions"}],"predecessor-version":[{"id":27537,"href":"https:\/\/expressionumea.se\/en\/wp-json\/wp\/v2\/pages\/11743\/revisions\/27537"}],"up":[{"embeddable":true,"href":"https:\/\/expressionumea.se\/en\/wp-json\/wp\/v2\/pages\/11730"}],"wp:featuredmedia":[{"embeddable":true,"href":"https:\/\/expressionumea.se\/en\/wp-json\/wp\/v2\/media\/12801"}],"wp:attachment":[{"href":"https:\/\/expressionumea.se\/en\/wp-json\/wp\/v2\/media?parent=11743"}],"wp:term":[{"taxonomy":"elementor-sidmallar","embeddable":true,"href":"https:\/\/expressionumea.se\/en\/wp-json\/wp\/v2\/elementor-sidmallar?post=11743"}],"curies":[{"name":"wp","href":"https:\/\/api.w.org\/{rel}","templated":true}]}}

<p><strong>eXpression Umeå's graphic profile is imbued with creativity, co-creation and entrepreneurship. The focus is on flexibility as the incubator should be able to dress for different missions and moods, always with a clear identity. </strong></p>



<p>As an incubator, we have many different roles and missions, and we communicate with everyone from local creative entrepreneurs to national and international partners, decision-makers and influencers. Being flexible in our expressions allows us to give each message and mission the best possible impact.</p>



<p>You will always recognise the common thread that runs through our Brand Book, i.e. the values, characteristics and expressions - in text, images, sound and form - that together tell the story of eXpression Umeå and form our identity.</p>



<h2 class="wp-block-heading">LINKS FOR DOWNLOAD</h2>



<p><a href="https://umuexpression.sharepoint.com/:f:/s/msteams_4f4c15/EhOF9zA9_JNMjZ2FL-I5aJAB7cr53njY4Gs_FyNH2EvleQ?e=ZGd7dh" target="_blank" rel="noreferrer noopener">" Logotype</a></p>



<p><a href="https://fonts.google.com/specimen/IBM+Plex+Sans" target="_blank" rel="noreferrer noopener">" The font we use (external link)</a></p>



<p></p>

<p>eXpression Umeås grafiska profil genomsyras av kreativitet, samskapande och företagande. Fokus ligger på flexibilitet då inkubatorn ska ha möjlighet att klä sig för olika uppdrag och stämningar, alltid med en tydlig identitet. Som inkubator har vi många olika roller och uppdrag och vi kommunicerar med alltifrån lokala kreativa entreprenörer till nationella och internationella samarbetspartners, beslutsfattare [&hellip;]</p>

<!-- This site is optimized with the Yoast SEO plugin v27.2 - https://yoast.com/product/yoast-seo-wordpress/ -->
<title>Vår grafiska profil - eXpression Umeå</title>
<meta name="robots" content="index, follow, max-snippet:-1, max-image-preview:large, max-video-preview:-1" />
<link rel="canonical" href="https://expressionumea.se/en/press-room/logo-and-graphic-profile/" />
<meta property="og:locale" content="en_GB" />
<meta property="og:type" content="article" />
<meta property="og:title" content="Vår grafiska profil - eXpression Umeå" />
<meta property="og:description" content="eXpression Umeås grafiska profil genomsyras av kreativitet, samskapande och företagande. Fokus ligger på flexibilitet då inkubatorn ska ha möjlighet att klä sig för olika uppdrag och stämningar, alltid med en tydlig identitet. Som inkubator har vi många olika roller och uppdrag och vi kommunicerar med alltifrån lokala kreativa entreprenörer till nationella och internationella samarbetspartners, beslutsfattare [&hellip;]" />
<meta property="og:url" content="https://expressionumea.se/en/press-room/logo-and-graphic-profile/" />
<meta property="og:site_name" content="eXpression Umeå" />
<meta property="article:modified_time" content="2025-11-05T10:33:11+00:00" />
<meta property="og:image" content="https://expressionumea.se/wp-content/uploads/2020/08/grafisk_profil.jpeg" />
	<meta property="og:image:width" content="1920" />
	<meta property="og:image:height" content="1080" />
	<meta property="og:image:type" content="image/jpeg" />
<meta name="twitter:card" content="summary_large_image" />
<meta name="twitter:label1" content="Estimated reading time" />
	<meta name="twitter:data1" content="1 minute" />
<script type="application/ld+json" class="yoast-schema-graph">{"@context":"https://schema.org","@graph":[{"@type":"WebPage","@id":"https://expressionumea.se/pressrum/logotyp-och-grafisk-profil/","url":"https://expressionumea.se/pressrum/logotyp-och-grafisk-profil/","name":"Vår grafiska profil - eXpression Umeå","isPartOf":{"@id":"https://expressionumea.se/#website"},"primaryImageOfPage":{"@id":"https://expressionumea.se/pressrum/logotyp-och-grafisk-profil/#primaryimage"},"image":{"@id":"https://expressionumea.se/pressrum/logotyp-och-grafisk-profil/#primaryimage"},"thumbnailUrl":"https://expressionumea.se/wp-content/uploads/2020/08/grafisk_profil.jpeg","datePublished":"2020-08-18T17:58:30+00:00","dateModified":"2025-11-05T10:33:11+00:00","breadcrumb":{"@id":"https://expressionumea.se/pressrum/logotyp-och-grafisk-profil/#breadcrumb"},"inLanguage":"en-GB","potentialAction":[{"@type":"ReadAction","target":["https://expressionumea.se/pressrum/logotyp-och-grafisk-profil/"]}]},{"@type":"ImageObject","inLanguage":"en-GB","@id":"https://expressionumea.se/pressrum/logotyp-och-grafisk-profil/#primaryimage","url":"https://expressionumea.se/wp-content/uploads/2020/08/grafisk_profil.jpeg","contentUrl":"https://expressionumea.se/wp-content/uploads/2020/08/grafisk_profil.jpeg","width":1920,"height":1080},{"@type":"BreadcrumbList","@id":"https://expressionumea.se/pressrum/logotyp-och-grafisk-profil/#breadcrumb","itemListElement":[{"@type":"ListItem","position":1,"name":"Hem","item":"https://expressionumea.se/"},{"@type":"ListItem","position":2,"name":"Pressrum","item":"https://expressionumea.se/pressrum/"},{"@type":"ListItem","position":3,"name":"Vår grafiska profil"}]},{"@type":"WebSite","@id":"https://expressionumea.se/#website","url":"https://expressionumea.se/","name":"eXpression Umeå","description":"Creative minds unite","publisher":{"@id":"https://expressionumea.se/#organization"},"potentialAction":[{"@type":"SearchAction","target":{"@type":"EntryPoint","urlTemplate":"https://expressionumea.se/?s={search_term_string}"},"query-input":{"@type":"PropertyValueSpecification","valueRequired":true,"valueName":"search_term_string"}}],"inLanguage":"en-GB"},{"@type":"Organization","@id":"https://expressionumea.se/#organization","name":"eXpression Umeå","url":"https://expressionumea.se/","logo":{"@type":"ImageObject","inLanguage":"en-GB","@id":"https://expressionumea.se/#/schema/logo/image/","url":"https://expressionumea.se/wp-content/uploads/2020/06/expression-ume-logotyp.png","contentUrl":"https://expressionumea.se/wp-content/uploads/2020/06/expression-ume-logotyp.png","width":375,"height":98,"caption":"eXpression Umeå"},"image":{"@id":"https://expressionumea.se/#/schema/logo/image/"}}]}</script>
<!-- / Yoast SEO plugin. -->

Our graphic profile - eXpression Umeå

Vår grafiska profil - eXpression Umeå

eXpression Umeås grafiska profil genomsyras av kreativitet, samskapande och företagande. Fokus ligger på flexibilitet då inkubatorn ska ha möjlighet att klä sig för olika uppdrag och stämningar, alltid med en tydlig identitet. Som inkubator har vi många olika roller och uppdrag och vi kommunicerar med alltifrån lokala kreativa entreprenörer till nationella och internationella samarbetspartners, beslutsfattare [&hellip;]

eXpression Umeå

Vår grafiska profil
